{"id":14,"date":"2016-12-08T21:39:48","date_gmt":"2016-12-08T21:39:48","guid":{"rendered":"http:\/\/foliepolskie.pl\/?page_id=14"},"modified":"2022-12-14T10:45:06","modified_gmt":"2022-12-14T10:45:06","slug":"technologia","status":"publish","type":"page","link":"https:\/\/folpol.lublin.pl\/?page_id=14","title":{"rendered":"Technologia"},"content":{"rendered":"<div id=\"system\">\n<article class=\"item\">\n<div class=\"content clearfix\">\n<p>Ekstruzja folii polietylenowych i produkcja opakowa\u0144 dzi\u0119ki parkowi maszynowemu wyposa\u017conego w:<\/p>\n<ul>\n<li>7 ekstruder\u00f3w<\/li>\n<li>5 automat\u00f3w zgrzewaj\u0105cych<\/li>\n<li>Miesi\u0119czne moce produkcyjne na poziomie ok. 350 ton<\/li>\n<\/ul>\n<\/div>\n<\/article>\n<\/div>\n","protected":false},"excerpt":{"rendered":"<p>Ekstruzja folii polietylenowych i produkcja opakowa\u0144 dzi\u0119ki parkowi maszynowemu wyposa\u017conego w: 7 ekstruder\u00f3w 5 automat\u00f3w zgrzewaj\u0105cych Miesi\u0119czne moce produkcyjne na poziomie ok. 350 ton<\/p>\n","protected":false},"author":1,"featured_media":0,"parent":0,"menu_order":0,"comment_status":"closed","ping_status":"closed","template":"","meta":{"footnotes":""},"class_list":["post-14","page","type-page","status-publish","czr-hentry"],"_links":{"self":[{"href":"https:\/\/folpol.lublin.pl\/index.php?rest_route=\/wp\/v2\/pages\/14","targetHints":{"allow":["GET"]}}],"collection":[{"href":"https:\/\/folpol.lublin.pl\/index.php?rest_route=\/wp\/v2\/pages"}],"about":[{"href":"https:\/\/folpol.lublin.pl\/index.php?rest_route=\/wp\/v2\/types\/page"}],"author":[{"embeddable":true,"href":"https:\/\/folpol.lublin.pl\/index.php?rest_route=\/wp\/v2\/users\/1"}],"replies":[{"embeddable":true,"href":"https:\/\/folpol.lublin.pl\/index.php?rest_route=%2Fwp%2Fv2%2Fcomments&post=14"}],"version-history":[{"count":4,"href":"https:\/\/folpol.lublin.pl\/index.php?rest_route=\/wp\/v2\/pages\/14\/revisions"}],"predecessor-version":[{"id":99,"href":"https:\/\/folpol.lublin.pl\/index.php?rest_route=\/wp\/v2\/pages\/14\/revisions\/99"}],"wp:attachment":[{"href":"https:\/\/folpol.lublin.pl\/index.php?rest_route=%2Fwp%2Fv2%2Fmedia&parent=14"}],"curies":[{"name":"wp","href":"https:\/\/api.w.org\/{rel}","templated":true}]}}