{"id":18,"date":"2016-12-08T21:47:55","date_gmt":"2016-12-08T21:47:55","guid":{"rendered":"http:\/\/foliepolskie.pl\/?page_id=18"},"modified":"2026-02-04T10:28:06","modified_gmt":"2026-02-04T10:28:06","slug":"aktualnosci","status":"publish","type":"page","link":"https:\/\/folpol.lublin.pl\/?page_id=18","title":{"rendered":"Aktualno\u015bci"},"content":{"rendered":"<div id=\"system\">\n<article class=\"item\">\n<div class=\"content clearfix\">\n<p><img loading=\"lazy\" decoding=\"async\" class=\"aligncenter wp-image-103 size-large\" src=\"https:\/\/folpol.lublin.pl\/wp-content\/uploads\/2024\/08\/znak-dofinansowanie-UE-1024x146.jpg\" alt=\"\" width=\"1024\" height=\"146\" srcset=\"https:\/\/folpol.lublin.pl\/wp-content\/uploads\/2024\/08\/znak-dofinansowanie-UE-1024x146.jpg 1024w, https:\/\/folpol.lublin.pl\/wp-content\/uploads\/2024\/08\/znak-dofinansowanie-UE-300x43.jpg 300w, https:\/\/folpol.lublin.pl\/wp-content\/uploads\/2024\/08\/znak-dofinansowanie-UE-768x109.jpg 768w, https:\/\/folpol.lublin.pl\/wp-content\/uploads\/2024\/08\/znak-dofinansowanie-UE.jpg 1386w\" sizes=\"auto, (max-width: 1024px) 100vw, 1024px\" \/><\/p>\n<p align=\"justify\"><strong>Projekt Inwestycyjny: ,,<\/strong><b>Transformacja firmy FOLPOL Zbigniew Mitura w kierunku gospodarki o obiegu zamkni\u0119tym poprzez wdro\u017cenie dzia\u0142a\u0144 wynikaj\u0105cych z rekomendacji modelu biznesowego GOZ-transformacji<\/b><strong>&#8222;<\/strong><\/p>\n<p align=\"justify\">MITURA ZBIGNIEW FOLPOL realizuje projekt pod tytu\u0142em \u201eTransformacja firmy FOLPOL Zbigniew Mitura w kierunku gospodarki o obiegu zamkni\u0119tym poprzez wdro\u017cenie dzia\u0142a\u0144 wynikaj\u0105cych z rekomendacji modelu biznesowego GOZ-transformacji.\u201d Na realizacj\u0119 niniejszego projektu MITURA ZBIGNIEW FOLPOL otrzyma\u0142a dotacj\u0119 z Unii Europejskiej w ramach programu Fundusze Europejskie dla Polski Wschodniej 2021-2027.<\/p>\n<p align=\"justify\"><u>Dzia\u0142ania, kt\u00f3re b\u0119d\u0105 realizowane w ramach projektu:<\/u><\/p>\n<p align=\"justify\">Zakres projektu wynika z dzia\u0142a\u0144 i rekomendacji wskazanych w modelu biznesowym GOZ &#8211; transformacji. W celu pe\u0142nego wykorzystania potencja\u0142u firmy MITURA ZBIGNIEW FOLPOL i wdro\u017cenia zasad GOZ w projekcie b\u0119d\u0105 zrealizowane nast\u0119puj\u0105ce dzia\u0142ania i prace:<\/p>\n<p align=\"justify\">&#8211; Zakup us\u0142ug doradczych i szkoleniowych w ramach Zadania 1: zakup us\u0142ugi doradczej zwi\u0105zanej z dostosowaniem dzia\u0142alno\u015bci firmy do dzia\u0142ania zgodnie z ISO 14001, zakup szkole\u0144 dla pracownik\u00f3w.<\/p>\n<p align=\"justify\">&#8211; Zakup \u015brodk\u00f3w trwa\u0142ych zaplanowanych w ramach zadania 2: linii do produkcji folii 3-warstwowej metod\u0105 rozdmuchu, instalacji fotowoltaicznej 50 kW.<\/p>\n<p align=\"justify\"><u>Grupy docelowe:<\/u><\/p>\n<p align=\"justify\">Grup\u0105 docelowa, kt\u00f3ra skorzysta najwi\u0119cej na wdro\u017ceniu innowacji w ramach realizacji projektu b\u0119d\u0105 przedsi\u0119biorstwa wykorzystuj\u0105ce na masow\u0105 skal\u0119 opakowania i folie z tworzyw sztucznych. Dzi\u0119ki wdro\u017ceniu nowych rozwi\u0105za\u0144 zgodnie z za\u0142o\u017ceniami modelu biznesowego GOZ Folpol b\u0119dzie w stanie wykreowa\u0107 i budowa\u0107 profesjonaln\u0105 mark\u0119 pozycjonowan\u0105 w dedykowanym segmencie rynkowym.<\/p>\n<p align=\"justify\"><u>Cele projektu:<\/u><\/p>\n<p align=\"justify\">Celem projektu jest wdro\u017cenie rekomendacji wskazanych w modelu biznesowym GOZ-transformacji poprzez poni\u017csze dzia\u0142ania:<\/p>\n<ol>\n<li>\n<p align=\"justify\">Zwi\u0119kszenie wykorzystania ilo\u015bci surowc\u00f3w wt\u00f3rnych, w tym odpad\u00f3w w procesach produkcyjnych<\/p>\n<\/li>\n<li>\n<p align=\"justify\">Zmniejszenie wykorzystania surowc\u00f3w pierwotnych poprzez uruchomienie nowej linii produkcyjnej<\/p>\n<\/li>\n<li>\n<p align=\"justify\">Zwi\u0119kszenie udzia\u0142u odnawialnych \u017ar\u00f3de\u0142 energii (OZE) w strukturze zu\u017cycia energii przedsi\u0119biorstwa, co przyczyni si\u0119 do redukcji emisji CO2 i obni\u017cenia koszt\u00f3w operacyjnych<\/p>\n<\/li>\n<\/ol>\n<p align=\"justify\"><u>Efekty, rezultaty projektu:<\/u><\/p>\n<p align=\"justify\">Efektem projektu b\u0119dzie zwi\u0119kszenie efektywno\u015bci proces\u00f3w w firmie Folpol, zmniejszenie negatywnego wp\u0142ywu na \u015brodowisko oraz uzyskanie przewagi konkurencyjnej na rynku dzi\u0119ki wdro\u017ceniu za\u0142o\u017ce\u0144 GOZ.<\/p>\n<p align=\"justify\">\n<p>#FunduszeUE #FunduszeEuropejskie<\/p>\n<p>Warto\u015b\u0107 projektu : 6 150\u00a0000 z\u0142<\/p>\n<p>Wysoko\u015b\u0107 wk\u0142adu z Funduszy Europejskich: 3 496\u00a0000 z\u0142<\/p>\n<p><img loading=\"lazy\" decoding=\"async\" class=\"aligncenter wp-image-103 size-large\" src=\"https:\/\/folpol.lublin.pl\/wp-content\/uploads\/2024\/08\/znak-dofinansowanie-UE-1024x146.jpg\" alt=\"\" width=\"1024\" height=\"146\" srcset=\"https:\/\/folpol.lublin.pl\/wp-content\/uploads\/2024\/08\/znak-dofinansowanie-UE-1024x146.jpg 1024w, https:\/\/folpol.lublin.pl\/wp-content\/uploads\/2024\/08\/znak-dofinansowanie-UE-300x43.jpg 300w, https:\/\/folpol.lublin.pl\/wp-content\/uploads\/2024\/08\/znak-dofinansowanie-UE-768x109.jpg 768w, https:\/\/folpol.lublin.pl\/wp-content\/uploads\/2024\/08\/znak-dofinansowanie-UE.jpg 1386w\" sizes=\"auto, (max-width: 1024px) 100vw, 1024px\" \/><\/p>\n<hr \/>\n<p><strong>Projekt Inwestycyjny: ,, Opracowanie modelu biznesowego funkcjonowania przedsi\u0119biorstwa FOLPOL Zbigniew Mitura w oparciu o za\u0142o\u017cenia GOZ \u2013 transformacji&#8221;<\/strong><\/p>\n<p align=\"justify\">MITURA ZBIGNIEW FOLPOL realizuje projekt pod tytu\u0142em \u201eOpracowanie modelu biznesowego funkcjonowania przedsi\u0119biorstwa FOLPOL Zbigniew Mitura w oparciu o za\u0142o\u017cenia GOZ \u2013 transformacji.\u201d Na realizacj\u0119 niniejszego projektu MITURA ZBIGNIEW FOLPOL otrzyma\u0142o dotacj\u0119 z Unii Europejskiej w ramach programu Fundusze Europejskie dla Polski Wschodniej 2021-2027.<\/p>\n<p align=\"justify\">W ramach realizacji projektu zostanie przeprowadzona us\u0142uga wykonania modelu biznesowego transformacji w oparciu o za\u0142o\u017cenia GOZ. W dokumencie zostanie przedstawiony stan obecny oraz mo\u017cliwo\u015bci wdro\u017cenia rozwi\u0105za\u0144 w zakresie GOZ w ca\u0142ej dzia\u0142alno\u015bci firmy. Efektem projektu b\u0119dzie przygotowany strategiczny, kompleksowy i kompletny dokument obejmuj\u0105cy analiz\u0119 ca\u0142ego przedsi\u0119biorstwa oraz przedstawiaj\u0105cy mo\u017cliwo\u015bci wdro\u017cenia rozwi\u0105za\u0144 w zakresie GOZ w ca\u0142ej dzia\u0142alno\u015bci firmy.<\/p>\n<p align=\"justify\">Celem realizacji projektu jest okre\u015blenie mo\u017cliwo\u015bci wdro\u017cenia zmian procesowych i\/lub produktowych zwi\u0105zanych z GOZ, precyzyjne okre\u015blenie planu dzia\u0142ania i strategii wdro\u017cenia GOZ, uwzgl\u0119dniaj\u0105c konkretne segmenty dzia\u0142alno\u015bci oraz ryzyka i przedstawienie rekomendacji dalszych dzia\u0142a\u0144 organizacyjnych, operacyjnych i technologicznych, umo\u017cliwiaj\u0105cych skuteczne wdro\u017cenie GOZ, co przeniesie si\u0119 na nowe korzy\u015bci w dzia\u0142alno\u015bci firmy.<\/p>\n<p>#FunduszeUE #FunduszeEuropejskie<\/p>\n<p>Warto\u015b\u0107 projektu : 82\u00a0781 z\u0142<\/p>\n<p>Wysoko\u015b\u0107 wk\u0142adu z Funduszy Europejskich: 82 781 z\u0142<\/p>\n<hr \/>\n<\/div>\n<p><img loading=\"lazy\" decoding=\"async\" class=\"aligncenter wp-image-103 size-large\" src=\"https:\/\/folpol.lublin.pl\/wp-content\/uploads\/2024\/08\/znak-dofinansowanie-UE-1024x146.jpg\" alt=\"\" width=\"1024\" height=\"146\" srcset=\"https:\/\/folpol.lublin.pl\/wp-content\/uploads\/2024\/08\/znak-dofinansowanie-UE-1024x146.jpg 1024w, https:\/\/folpol.lublin.pl\/wp-content\/uploads\/2024\/08\/znak-dofinansowanie-UE-300x43.jpg 300w, https:\/\/folpol.lublin.pl\/wp-content\/uploads\/2024\/08\/znak-dofinansowanie-UE-768x109.jpg 768w, https:\/\/folpol.lublin.pl\/wp-content\/uploads\/2024\/08\/znak-dofinansowanie-UE.jpg 1386w\" sizes=\"auto, (max-width: 1024px) 100vw, 1024px\" \/><\/p>\n<\/article>\n<\/div>\n<div id=\"system\">\n<article class=\"item\">\n<div class=\"content clearfix\">\n<p><strong>&#8222;Tw\u00f3j pomys\u0142, europejskie pieni\u0105dze&#8221;<\/strong><\/p>\n<hr \/>\n<p><strong>Projekt Inwestycyjny: ,, Produkcja opakowa\u0144 z HDPE wyrazem dba\u0142o\u015bci FOLPOL Z.MITURA o zr\u00f3wnowa\u017cony rozw\u00f3j&#8221;<\/strong><\/p>\n<table border=\"0\" cellspacing=\"1\" cellpadding=\"1\">\n<tbody>\n<tr>\n<td>W ramach projektu zakupiono:<\/td>\n<td>W wyniku realizacji niniejszego projektu do oferty us\u0142ugowejzosta\u0142y wprowadzone 3 nowe produkty:<\/td>\n<\/tr>\n<tr>\n<td>\n<ul>\n<li>maszyn\u0119 do zgrzewania<\/li>\n<li>spr\u0119\u017cark\u0119 \u0142opatow\u0105<\/li>\n<li>spalinowy w\u00f3zek wid\u0142owy<\/li>\n<\/ul>\n<\/td>\n<td>\n<ul>\n<li>woreczki z HDPE<\/li>\n<li>p\u0142achty z HDPE &#8211; max powierzchnia po zgrzaniu 2m x 2m<\/li>\n<li>woreczki do gotowania produkt\u00f3w sypkich z HDPE<\/li>\n<\/ul>\n<\/td>\n<\/tr>\n<\/tbody>\n<\/table>\n<p>Ca\u0142kowita warto\u015b\u0107 projektu: 2 692 174, 00 z\u0142<\/p>\n<p>Kwota dofinansowania z Europejskiego Funduszu Rozwoju Regionalnego: 1 324 020, 00 z\u0142<\/p>\n<p>,, Projekt wsp\u00f3\u0142finansowany ze \u015brodk\u00f3w Europejskiego Funduszu Rozwoju Regionalnego oraz Bud\u017cetu Pa\u0144stwa w ramach Regionalnego Programu Operacyjnego Wojew\u00f3dztwa Lubelskiego na lata 2007 &#8211; 2013&#8243;<\/p>\n<hr \/>\n<p><strong>Projekt Inwestycyjny: \u201eZr\u00f3wnowa\u017cony rozw\u00f3j FOLPOL Z. MITURA w oparciu o rozpocz\u0119cie produkcji opakowa\u0144 z \u201ezielonego PE\u201d<\/strong><\/p>\n<table border=\"0\" cellspacing=\"1\" cellpadding=\"1\">\n<tbody>\n<tr>\n<td>W ramach projektu zakupiono:<\/td>\n<td>W wyniku realizacji niniejszego projektu do oferty us\u0142ugowejzosta\u0142y wprowadzone 2 nowe produkty:<\/td>\n<\/tr>\n<tr>\n<td>\n<ul>\n<li>Zgrzewark\u0119 Viara Futura 1200<\/li>\n<li>Uniwersaln\u0105 maszyn\u0119 wytrzyma\u0142o\u015bciow\u0105 Zwick Z0.5 TN<\/li>\n<li>modu\u0142 do wyt\u0142aczarki<\/li>\n<li>program do zarz\u0105dzania WEBMIP<\/li>\n<\/ul>\n<\/td>\n<td>\n<ul>\n<li>torby handlowe z zielonego PE<\/li>\n<li>worki na odpady selektywne z zielonego PE<\/li>\n<\/ul>\n<\/td>\n<\/tr>\n<\/tbody>\n<\/table>\n<p>Ca\u0142kowita warto\u015b\u0107 projektu: 1\u00a0224\u00a0588,00 z\u0142<\/p>\n<p>Kwota dofinansowania z Europejskiego Funduszu Rozwoju Regionalnego: 696\u00a0920,00 z\u0142<\/p>\n<p>,, Projekt wsp\u00f3\u0142finansowany ze \u015brodk\u00f3w Europejskiego Funduszu Rozwoju Regionalnego oraz Bud\u017cetu Pa\u0144stwa w ramach Regionalnego Programu Operacyjnego Wojew\u00f3dztwa Lubelskiego na lata 2007 &#8211; 2013&#8243;<\/p>\n<hr \/>\n<p><strong>Projekt Inwestycyjny: \u201eDywersyfikacja produkcji firmy FOLPOL Z. Mitura o innowacyjne produkty w postaci folii antypo\u015blizgowej z poliizobutylenem oraz folii perforowanej na gor\u0105co przy zmodernizowaniu linii produkcyjnej\u201d<\/strong><\/p>\n<table border=\"0\" cellspacing=\"1\" cellpadding=\"1\">\n<tbody>\n<tr>\n<td>W ramach projektu zakupiono:<\/td>\n<td>W wyniku realizacji niniejszego projektu do oferty us\u0142ugowejzosta\u0142y wprowadzone 2 nowe produkty:<\/td>\n<\/tr>\n<tr>\n<td>\n<ul>\n<li>Wyt\u0142aczark\u0119<\/li>\n<li>Perforator na zimno<\/li>\n<li>Drukarka Miniflex 390\/250<\/li>\n<li>Sprz\u0119t komputerowy<\/li>\n<li>Oprogramowanie \u201eRejestracja i rozliczenie produkcji RZP&#8221;<\/li>\n<\/ul>\n<\/td>\n<td>\n<ul>\n<li>folia perforowana na zimno w postaci ta\u015bmy, r\u0119kaw\u00f3w, p\u00f3\u0142 r\u0119kaw\u00f3w, worka<\/li>\n<li>folia antypo\u015blizgowa z poliizobutylenem w postaci ta\u015bmy, work\u00f3w.<\/li>\n<\/ul>\n<\/td>\n<\/tr>\n<\/tbody>\n<\/table>\n<p>Ca\u0142kowita warto\u015b\u0107 projektu: 1 699 315,72 z\u0142<\/p>\n<p>Kwota dofinansowania z Europejskiego Funduszu Rozwoju Regionalnego: 828 934,50 z\u0142<\/p>\n<p>,, Projekt wsp\u00f3\u0142finansowany ze \u015brodk\u00f3w Europejskiego Funduszu Rozwoju Regionalnego oraz Bud\u017cetu Pa\u0144stwa w ramach Regionalnego Programu Operacyjnego Wojew\u00f3dztwa Lubelskiego na lata 2007 &#8211; 2013<\/p>\n<hr \/>\n<table border=\"0\" cellspacing=\"1\" cellpadding=\"1\">\n<tbody>\n<tr>\n<td>LUBELSKA AGENCJA WSPIERANIA PRZEDSI\u0118BIORCZO\u015aCIul. Wojciechowska 9A, 27-904 Lublin<\/p>\n<p>Punkt informacyjny LAWP<\/p>\n<p>(81) 46 23 831, (81) 46 23 812<\/p>\n<p>www.lawp.eu<\/td>\n<td>ODDZIA\u0141 FUNDUSZY EUROPEJSKICHDepartament Strategii i Rozwoju Regionalnego Urz\u0119du Marsza\u0142kowskiego Wojew\u00f3dztwa Lubelskiego<\/p>\n<p>ul. Stefczyka 3b, 20-151 Lublin<\/p>\n<p>www.feu.lubelskie.pl<\/td>\n<\/tr>\n<\/tbody>\n<\/table>\n<p><img loading=\"lazy\" decoding=\"async\" class=\"aligncenter wp-image-84 size-full\" src=\"http:\/\/foliepolskie.pl\/wp-content\/uploads\/2016\/12\/lawp_logo.jpg\" alt=\"\" width=\"855\" height=\"157\" srcset=\"https:\/\/folpol.lublin.pl\/wp-content\/uploads\/2016\/12\/lawp_logo.jpg 855w, https:\/\/folpol.lublin.pl\/wp-content\/uploads\/2016\/12\/lawp_logo-300x55.jpg 300w, https:\/\/folpol.lublin.pl\/wp-content\/uploads\/2016\/12\/lawp_logo-768x141.jpg 768w\" sizes=\"auto, (max-width: 855px) 100vw, 855px\" \/><\/p>\n<\/div>\n<\/article>\n<\/div>\n","protected":false},"excerpt":{"rendered":"<p>Projekt Inwestycyjny: ,,Transformacja firmy FOLPOL Zbigniew Mitura w kierunku gospodarki o obiegu zamkni\u0119tym poprzez wdro\u017cenie dzia\u0142a\u0144 wynikaj\u0105cych z rekomendacji modelu biznesowego GOZ-transformacji&#8222; MITURA ZBIGNIEW FOLPOL realizuje projekt pod tytu\u0142em \u201eTransformacja firmy FOLPOL Zbigniew Mitura w kierunku gospodarki o obiegu zamkni\u0119tym poprzez wdro\u017cenie dzia\u0142a\u0144 wynikaj\u0105cych z rekomendacji modelu biznesowego GOZ-transformacji.\u201d Na realizacj\u0119 niniejszego projektu MITURA ZBIGNIEW [&hellip;]<\/p>\n","protected":false},"author":1,"featured_media":0,"parent":0,"menu_order":0,"comment_status":"closed","ping_status":"closed","template":"","meta":{"footnotes":""},"class_list":["post-18","page","type-page","status-publish","czr-hentry"],"_links":{"self":[{"href":"https:\/\/folpol.lublin.pl\/index.php?rest_route=\/wp\/v2\/pages\/18","targetHints":{"allow":["GET"]}}],"collection":[{"href":"https:\/\/folpol.lublin.pl\/index.php?rest_route=\/wp\/v2\/pages"}],"about":[{"href":"https:\/\/folpol.lublin.pl\/index.php?rest_route=\/wp\/v2\/types\/page"}],"author":[{"embeddable":true,"href":"https:\/\/folpol.lublin.pl\/index.php?rest_route=\/wp\/v2\/users\/1"}],"replies":[{"embeddable":true,"href":"https:\/\/folpol.lublin.pl\/index.php?rest_route=%2Fwp%2Fv2%2Fcomments&post=18"}],"version-history":[{"count":12,"href":"https:\/\/folpol.lublin.pl\/index.php?rest_route=\/wp\/v2\/pages\/18\/revisions"}],"predecessor-version":[{"id":133,"href":"https:\/\/folpol.lublin.pl\/index.php?rest_route=\/wp\/v2\/pages\/18\/revisions\/133"}],"wp:attachment":[{"href":"https:\/\/folpol.lublin.pl\/index.php?rest_route=%2Fwp%2Fv2%2Fmedia&parent=18"}],"curies":[{"name":"wp","href":"https:\/\/api.w.org\/{rel}","templated":true}]}}